+ -379 - (-17 + (-6 - 0))?
0
Calculate -29 + -31 + 86 + 16.
42
Evaluate -68 + (-56 - -126) + (-5 + 0 - -3).
0
Evaluate (-27 - (-21 - -2)) + 3 + 110 - -3.
108
Evaluate -1 + -35 + 51 - -29.
44
Calculate 0 + (-5 + 8 + -1 + -10 - 0) + 71.
63
What is the value of (2 - 93) + (-24 - -2 - (-57 - -49)) + 17?
-88
What is the value of (623 - 593) + 2 + -37?
-5
What is -39 - -7 - -28 - -29?
25
Evaluate -7 + (-12 - (-42 - 11)) + -9 + (-6 - -10).
29
-15 + 59 + (-6 - (11 - 7)) + 2
36
Calculate (-17 + 14 - 22) + 21 + 64.
60
What is the value of (0 - 3 - -26 - (-65 + 74)) + -39?
-25
Calculate (1 - 3) + (-25 - 6) + 12.
-21
Evaluate (30 + -60 - 4) + -89 + 75.
-48
Evaluate -48 - ((9 - 15) + (-1 - 7) + 18).
-52
Calculate -50 + (4 - (-1 + (5 - (21 - 16)))).
-45
What is (-68 - (-25 + 10) - -22) + 24?
-7
What is -13 + (6 - (4 - -1)) - (1 - 61) - 12?
36
22 - (10 + (-5 - -7 - 7))
17
Evaluate -5 + 1 + (-112 - -112 - (-8 - -1)) + 20.
23
Calculate 22 + (-24 - -10 - -26) - (7 + 2 + 1).
24
Evaluate 26 + (-8 - -21) + (-36 - -2).
5
-45 + (113 - (24 + -12))
56
Calculate 10 - (117 + -222) - 87.
28
Evaluate -5 + (-10 + 4 - 1 - -14) + 0 + -37.
-35
(-27 - -12) + 2 + -3 + -25
-41
What is -23 - (-50 + (11 - 3)) - -14?
33
Calculate -38 + (5 + -22 - -35 - 16).
-36
What is the value of (-20 + 68 + -13 - 44) + -35 + 2?
-42
Calculate 2 + 53 + (16 - -1) + -9 + 0 + -12.
51
What is the value of 0 - -10 - (2875 - 2861)?
-4
What is -23 + -3 + 27 + (-1 - -1) - (42 + 39)?
-80
What is the value of -2 - (-1 - 6) - (-861 + 849)?
17
What is -132 - (5 - (2 - (-6 - (-16 - -16) - 4)))?
-125
Evaluate 0 - 50 - ((2 - 0 - 2) + (7422 - 7418)).
-54
Calculate (133 - -2) + (-752 - -584).
-33
Calculate 97 - (-60 + 98 + -9).
68
30 - (4 + (-16 - -24 - (-2 + 1)))
17
Calculate (3 - -5 - (1 + 2)) + -79 + 7.
-67
Evaluate 5231 + -5354 + 0 + -24.
-147
What is 122 + ((-30 - 0) + (301 - 283) - (-2 - 6))?
118
Calculate 3 + 9 + (3 + -1 - (52 - (-2 - -1))).
-39
Evaluate (-2 - 39) + (73 - 2).
30
What is (-4 - -24) + 3 + (-3 - 3 - 2)?
15
Calculate -10 - (51 + (9 - 20)).
-50
Evaluate 57 - ((-26 + 64 - 19) + 5).
33
Calculate (45 - 1) + 5 + -265 + 272.
56
348 - 323 - (1 - 21)
45
Evaluate (29 - -1) + 138 + -78 + 10.
100
What is -19 - (-24 + 7 + -15) - -82?
95
Evaluate (1 - -8 - 0) + (-1018 - -1035).
26
What is (-4 - (10 - 2 - 53)) + (2 - (2 - 9))?
50
What is (-1 - 1) + 8160 + -8228?
-70
Evaluate (-3 + 0 + -15 - (114 + -125)) + 26.
19
43 + -113 + (158 - 54)
34
Calculate (1 - -58) + 51 - 45.
65
(-2 + 6 - (241 - 235)) + 3
1
6 + (34 + -9 - 42) - (-32 - 0)
21
What is 1 + (-227 + 244 - (-2 + 24))?
-4
What is the value of -43 - -43 - (-38 + 9 + 1)?
28
Calculate -37 + 84 - 3 - 15.
29
What is 5 + -8 - (-1 + -33 - (-723 - -691))?
-1
Evaluate -3 + (-11 + 0 - 1 - (726 + -780)).
39
Calculate 74 - 78 - (4 - (-58 - -2)) - -9.
-55
What is the value of (-102 - (-13 + 32 - 42)) + 42?
-37
What is the value of -11 + -3 + -19 + (-12 - (-4 + 18 - 35))?
-24
2 + 74 + 4 + (-22 - (-26 - 5)) + -2
87
Evaluate -24 + -21 + -6 + 17 - 41.
-75
What is -141 + 235 - (-6 - (-32 + (3 - -2)))?
73
What is -32 + -4 - (45 - 19)?
-62
Calculate (13 - -5) + -3 - (-2 + -27 + -11).
55
Evaluate 13 + (-25 - -31) + -2 + -17 - 19.
-19
-24 + -2 + 14 + 20 + -5
3
479 + -365 + (12 - (-6 + 14))
118
Evaluate 16 - ((-3 - -5) + -4 - -11) - (33 + -1).
-25
11 + (43 - (-13 + 28)) - -14
53
Calculate -1414 - -1525 - (-2 - -49).
64
What is the value of 52 + (3 - (-32 + 15) - (-5 - -10))?
67
Evaluate (4 - 14 - (-65 + 2)) + 2 + (-3 - 3).
49
41 + (-114 - -195) + -85
37
Calculate -56 + 98 - ((-13 - -2) + -12).
65
What is -67 + 135 + (-2 - -1)?
67
Evaluate (-44 - 4 - (5 + -23)) + 15.
-15
Calculate (0 - -4) + (10 + -25 - 11) + 19.
-3
What is -9 + 4 + -9 + 0 + -3 + 7 + 8?
-2
-43 + (-2 + 7 - -6) + 11
-21
What is (221 - 100) + 19 + -3 + -34?
103
What is the value of -1 + -6 + 0 + 96 + 3 + (72 - 85)?
79
What is -3 + 3 + (27 - 36) + (-26 - -29)?
-6
55 + (-5 + -1 - (-58 + 28)) + -13
66
Calculate (8 - -26) + (-32 - 9).
-7
Evaluate 8 + -11 + -7 + (3 - 19 - 4).
-30
Evaluate -10 - 0 - 3 - ((6 - (-6 - -2)) + 98).
-121
What is (32 - (5 - 2 - -11)) + -34 + 103?
87
16 + (-9 - -18 - 22) + 35
38
-21 + 4 + (19 - 44 - -36) + -22
-28
What is the value of (-7 - -29) + -32 + (-4 - -22)?
8
What is the value of (6 - 0) + (4037 - 4052)?
-9
Evaluate -23 + 123 + -41 + -89.
-30
-19 + (60 - 48) + 44
37
What is (506 - 388) + -1 + -41 + -18 + -2?
56
Calculate (-19 - -70) + -214 + 138 - (1 - 149).
123
What is the value of -72 - (1 + -10 - ((4 - 22) + 10))?
-71
What is (-5 - -28) + (3 - (6 + -3 - -1))?
22
23 + 57 + -38 + -23
19
Calculate 159 + -204 + (1 - ((2 + 0 - 2) + -2)).
-42
Evaluate -137 + ((-3 - 0 - 11) + 1 + 3 - -15).
-132
-19 + (-40 + 30 - (-44 + 5))
10
What is the value of -9 - (-9 + -100 + 1 + -17 + 11)?
105
85 - ((-38 - 25 - -18) + 38)
92
What is the value of -38 + -22 + -8 - (24 - 46)?
-46
What is 3 + -10 - ((-4 + (7 - 15) - -15) + -41)?
31
What is the value of (-164 + 79 - -56) + -73 + -3?
-105
Evaluate -110 + (-24 - -28) + 71.
-35
What is 11 + -1 + 110 + -147 - 5 - (-6 - -3)?
-29
What is the value of 40 - (-11 - (-6 - 9) - -32)?
4
-18 - (-39 - (-23 - (-30 + 15)))
13
-6 + (-9 - (9 - 14 - -1 - -8))
-19
Evaluate -236 + -23 + 44 + 94.
-121
What is -3 + 17 + -24 + 5 + (4 - -15) + -1?
13
What is (9 + 0 - (-84 + 43 + 46)) + -21?
-17
Calculate 4 - ((-12 - 22) + 16 - 19).
41
Evaluate 55 - (133 - 34) - (-21 + -2).
-21
What is the value of -36 + 1 + -9 + (19 - 2)?
-27
(-52 - (-26 - -6)) + (1 - (-17 + 6))
-20
Evaluate (-46 - (19 - -14)) + 166.
87
What is the value of -118 + (66 - (-17 + 85 + -43))?
-77
-113 + (-80 - (-66 + -113))
-14
What is -89 + (0 - -12) + (80 - 103) + -2 + 6?
-96
Calculate -79 + (20 - (-71 + 25)).
-13
What is the value of -21 + (-30 - (7 - -23 - 19))?
-62
Calculate (1 - -5) + -2864 + 2877.
19
What is the value of (275 - 282 - (-2 - 12)) + -4 + 1?
4
What is the value of (-104 + -55 - -97) + 58?
-4
What is the value of 30 - (17 + -7) - (-18 + 6) - 0?
32
What is 6 - (-38 + -25 + 20 + 3)?
46
Calculate 0 - (35 + (-16 - (6 + -8))).
-21
(-410 - -358) + (1 - 17) + 23
-45
What is the value of 12 + (-7 + 11 - 23) + -14?
-21
Calculate (4 - 11) + (-54 - (-26 - -12)).
-47
(-21 - (70 - 88)) + -20
-23
What is the value of -40 - (127 + -187) - 56?
-36
Calculate 1 + (-12 - 0 - (7 + -34 - (6 + -31))).
-9
(2 - (9 - (1 - -3) - 3)) + 218 + -250
-32
Evaluate -91 - (-128 - (-110 + 73)).
0
(1 - -25) + (26 + -10 - 11) + -20 - 84
-73
25 + (-72 + 1 - (-225 - -197))
-18
What is -6 + -32 + 35 - (-21 + -6)?
24
Evaluate -29 - ((-32 + -5 - -15) + 7).
-14
Calculate 2 - -10 - (-11 - (-8 + 17 + -25)).
7
Calculate -13 - (-11 + -7 + (32 - -116)).
-143
What is the value of 2 + -9 - (-206 + 212)?
-13
What is the value of 36 + -4 - (-29 + (7 - (5 - 17)))?
42
What is (-8 - (-5 - (-9 - -16))) + -55?
-51
What is 184 + -125 + -2 + -61?
-4
Calculate 59 - (-32 - -173 - 45).
-37
Evaluate -6 + -2 + (-1345 - -1344) - (1 + 10).
-20
(292 - (200 - 81)) + -137
36
(7 - 30) + 14 - (-8 + (0 - 60))
59
Evaluate -25 + (22 + 30 + -56 - (1 + 4 + 3)).
-37
Calculate (-19 - -24 - (-3 + 15)) + 74.
67
What is the value of 1 - (-2 + 1) - (-75 - (-19 + -27 - -20))?
51
Evaluate -60 + -22 + 107 - (-56 - 5).
86
What is (106 - 217) + -1 + 150?
38
What is the value of -131 + (-3 - (76 - 123))?
-87
What is 10 + -38 - -16 - 17 - -6?
-23
Calculate -1 - -16 - (34 - -2).
-21
Evaluate (-56 - -58) + 1 + (-1 - -1) + -2.
1
Evaluate -289 - -137 - (-1 - 29) - -9.
-113
What is (-208 - -30) + 59 + -22 + 8?
-133
What is -16 - (-22 - (22 - (18 + -5)))?
15
What is the value of (111 + -70 + -57 - (-23 - 1)) + 70?
78
25000 + -24844 + 1 + -112
45
What is -9 - (-3 - -9 - (-73 + 24 + 76))?
12
What is (-73 - -21 - (16 + 0)) + (9 - 22)?
-81
Evaluate (-60 - -1) + 1551 + -1563.
-71
What is the value of 7 + 28 - (76 + 13)?
-54
Calculate 633 + -661 - (154 - 1) - -44.
-137
What is the value of (148 - -1) + (81 - (164 + -62))?
128
What is 62 + -48 + -2 + 3 + -40 + 6?
-19
What is -153 + 144 + -69 + (13 - -1)?
-64
-218 + 112 + 99 - -45
38
75 - (6 + -7) - (1491 - 1457)
42
-21 - (26 + -9 + -17 + -95)
74
What is the value of 12 - (-8 + 9) - (97 - 96) - 1?
9
Evaluate 713 + -698 - (5 + 3 + -1).
8
8 - (376 + -381 - ((3 - 4) + -1))
11
Evaluate (3 - -135) + -1404 + 1339.
73
Calculate (12 + -3 - 0) + (-69 + 75 